False
Is 12127 a prime number?
False
Is 2497333 a composite number?
False
Is 5923 a prime number?
True
Is 1062869 composite?
False
Is 3049 a prime number?
True
Is 80813 prime?
False
Is 193853 composite?
True
Is 183851 composite?
True
Is 289099 prime?
True
Is 207203 composite?
True
Is 293021 prime?
True
Is 500519 a composite number?
False
Is 1057099 a prime number?
False
Is 36629 a prime number?
True
Is 71731 a prime number?
False
Is 312331 composite?
False
Is 149861 composite?
False
Is 91283 prime?
True
Is 128669 prime?
True
Is 144839 a composite number?
False
Is 8641 a prime number?
True
Is 528469 prime?
True
Is 727239 a prime number?
False
Is 30062 prime?
False
Is 5629 a prime number?
False
Is 66421 a composite number?
True
Is 1015601 a prime number?
True
Is 10369 a composite number?
False
Is 189633 composite?
True
Is 33709 composite?
True
Is 105071 prime?
True
Is 791781 composite?
True
Is 3989 a composite number?
False
Is 383573 prime?
True
Is 6421 a prime number?
True
Is 492491 composite?
False
Is 450649 a prime number?
True
Is 30239 prime?
False
Is 7177 prime?
True
Is 71059 composite?
False
Is 32602 composite?
True
Is 25261 a composite number?
False
Is 9917 a composite number?
True
Is 752137 prime?
True
Is 5051 a composite number?
False
Is 225821 a prime number?
True
Is 39449 a composite number?
True
Is 954671 prime?
True
Is 71471 composite?
False
Is 19567 composite?
True
Is 22303 composite?
False
Is 25147 composite?
False
Is 802839 a prime number?
False
Is 127123 a composite number?
False
Is 19301 a prime number?
True
Is 425687 prime?
False
Is 587 a prime number?
True
Is 63134 a prime number?
False
Is 28211 a composite number?
False
Is 12538 a composite number?
True
Is 119998 composite?
True
Is 19121 composite?
False
Is 7934 a composite number?
True
Is 135878 a composite number?
True
Is 631 a prime number?
True
Is 44483 a prime number?
True
Is 18077 composite?
False
Is 82279 a prime number?
True
Is 16787 a prime number?
True
Is 23451 composite?
True
Is 9967 a composite number?
False
Is 673 prime?
True
Is 304961 a composite number?
False
Is 5815 prime?
False
Is 180827 composite?
True
Is 18869 a composite number?
False
Is 4022 a prime number?
False
Is 27419 composite?
True
Is 6415 a composite number?
True
Is 28781 prime?
False
Is 27327 prime?
False
Is 5731 prime?
False
Is 523 a composite number?
False
Is 11051 prime?
False
Is 139078 a prime number?
False
Is 1732193 prime?
True
Is 896443 prime?
True
Is 1506287 prime?
True
Is 1282343 a composite number?
False
Is 288191 a composite number?
False
Is 349471 composite?
False
Is 13649 a composite number?
False
Is 207013 prime?
True
Is 8465 a prime number?
False
Is 193541 a composite number?
False
Is 558401 composite?
False
Is 217 prime?
False
Is 98269 a composite number?
False
Is 574907 prime?
True
Is 1052651 a composite number?
True
Is 39643 a composite number?
True
Is 943 prime?
False
Is 79967 prime?
True
Is 29521 a composite number?
True
Is 467 composite?
False
Is 75742 a composite number?
True
Is 6383 prime?
False
Is 13001 a composite number?
False
Is 103043 composite?
False
Is 621974 prime?
False
Is 17693 prime?
False
Is 211681 a prime number?
True
Is 6421 composite?
False
Is 11474 composite?
True
Is 1471 composite?
False
Is 4861 composite?
False
Is 1196441 composite?
True
Is 42641 a prime number?
True
Is 10365821 composite?
False
Is 33539 composite?
True
Is 538462 prime?
False
Is 299246 prime?
False
Is 3293 prime?
False
Is 367307 a prime number?
True
Is 316205 prime?
False
Is 75497 a prime number?
False
Is 75535 prime?
False
Is 21241 prime?
False
Is 174569 a prime number?
True
Is 16837 a prime number?
False
Is 11099 composite?
True
Is 7019 a composite number?
False
Is 39953 composite?
False
Is 61969 a prime number?
False
Is 27409 prime?
True
Is 5331 a prime number?
False
Is 260693 a prime number?
False
Is 61697 a composite number?
True
Is 228281 a prime number?
True
Is 76177 a composite number?
True
Is 38765 a composite number?
True
Is 72421 a prime number?
True
Is 31469 prime?
True
Is 27595 prime?
False
Is 34823 prime?
False
Is 331 prime?
True
Is 3521 prime?
False
Is 75923 prime?
False
Is 113453 a composite number?
False
Is 6623 a composite number?
True
Is 363161 prime?
True
Is 228535 a composite number?
True
Is 365 a composite number?
True
Is 346169 a composite number?
False
Is 2099 a composite number?
False
Is 270023 a composite number?
True
Is 26879 a prime number?
True
Is 309129 a prime number?
False
Is 22285 prime?
False
Is 8051 a composite number?
True
Is 695999 prime?
True
Is 4703 composite?
False
Is 6337 prime?
True
Is 7493 a prime number?
False
Is 1207501 a composite number?
False
Is 21787 composite?
False
Is 27343 composite?
True
Is 1087 a prime number?
True
Is 481751 a prime number?
True
Is 449 prime?
True
Is 87603 a prime number?
False
Is 1693 a prime number?
True
Is 33329 a composite number?
False
Is 1481 prime?
True
Is 126703 a composite number?
False
Is 28687 a composite number?
False
Is 4703 a prime number?
True
Is 1141351 prime?
True
Is 6947 a prime number?
True
Is 13961 a prime number?
False
Is 102241 prime?
True
Is 30677 a prime number?
True
Is 127 prime?
True
Is 1252453 a composite number?
True
Is 169049 composite?
False
Is 1771453 a composite number?
False
Is 12991 prime?
False
Is 11843 prime?
False
Is 131009 a composite number?
False
Is 1657 composite?
False
Is 240341 a composite number?
False
Is 1320467 a composite number?
True
Is 7737 a composite number?
True
Is 7477 a prime number?
True
Is 320561 composite?
False
Is 19731 composite?
True
Is 610913 a prime number?
True
Is 94409 a prime number?
False
Is 8977 a composite number?
True
Is 359763 a prime number?
False
Is 9533 composite?
False
Is 9067 prime?
True
Is 662737 prime?
False
Is 146119 a composite number?
True
Is 37 a composite number?
False
Is 33287 composite?
False
Is 86813 a composite number?
False
Is 20249 prime?
True
Is 1807627 prime?
False
Is 2879 a composite number?
False
Is 9511 a composite number?
False
Is 19181 a prime number?
True
Is 977407 a composite number?
False
Is 27503 composite?
True
Is 285247 a composite number?
True
Is 61991 a prime number?
True
Is 297581 composite?
False
Is 93047 composite?
False
Is 1039463 prime?
True
Is 143615 prime?
False
Is 36503 a prime number?
False
Is 53 composite?
False
Is 1193 prime?
True
Is 25827 a composite number?
True
Is 8009 a prime number?
True
Is 3551 composite?
True
Is 24131 composite?
True
Is 11669 a composite number?
True
Is 680531 composite?
False
Is 9197 composite?
True
Is 1361 a composite number?
False
Is 109 a composite number?
False
Is 11959 a composite number?
False
Is 78187 composite?
True
Is 96431 prime?
True
Is 133963 prime?
True
Is 35963 a prime number?
True
Is 667673 a prime number?
True
Is 398503 a prime number?
False
Is 118387 composite?
False
Is 105817 a composite number?
False
Is 1151 a prime number?
True
Is 8621 a composite number?
True
Is 7543 a composite number?
True
Is 197221 a composite number?
False
Is 291629 composite?
True
Is 25103 a prime number?
False
Is 709 prime?
True
Is 93046 prime?
False
Is 394171 a composite number?
True
Is 10524619 prime?
False
Is 176411 a prime number?
False
Is 325317 a composite number?
True
Is 16771 composite?
True
Is 389 a prime number?
True
Is 911 composite?
False
Is 1207 prime?
False
Is 3761 composite?
False
Is 10289 a prime number?
True
Is 191519 composite?
False
Is 38813 composite?
True
Is 11957 composite?
True
Is 1045931 prime?
False
Is 708343 prime?
True
Is 34757 a prime number?
True
Is 269117 composite?
False
Is 307 composite?
False
Is 11197 composite?
False
Is 1817 composite?
True
Is 37463 a composite number?
False
Is 1217 prime?
True
Is 257533 composite?
True
Is 851113 a composite number?
False
Is 673 a composite number?
False
Is 5419 composite?
False
Is 4583 composite?
False
Is 14281 a composite number?
False
Is 8059 composite?
False
Is 604351 prime?
False
Is 1477687 prime?
False
Is 2819 a prime number?
True
Is 5374 composite?
True
Is 21557 prime?
True
Is 31319 a composite number?
False
Is 135547 prime?
False
Is 36745 a composite number?
True
Is 5609 prime?
False
Is 93461 a composite number?
True
Is 1280969 a composite number?
False
Is 203063 a composite number?
True
Is 459593 prime?
True
I